+ 1515 = 0, y = -2*h + 303. List the prime factors of y.
3, 101
Let q be 8/20 - (-2)/(-5). Suppose q = -2*u - 2 + 12. Suppose g = -2*t + 9, t + 4*t = u*g - 15. What are the prime factors of g?
5
Let c(y) = 3*y**2 - 6*y - 8. List the prime factors of c(-4).
2
Let c = -10 + 16. Suppose -c = 5*a - 116. What are the prime factors of a?
2, 11
Let g(i) = -i + 3. Let f be g(6). Let t = -4 - f. What are the prime factors of (-4)/((-2)/t)*-2?
2
Suppose -3*k = -p - 13, 10*p - 5*p + 9 = k. Let v = p + 1. Suppose v*j - 24 = -2*j. List the prime factors of j.
2, 3
Let o(y) be the first derivative of -y**2/2 - 2*y + 4. Let m(s) = -s - 7. Let k be m(0). List the prime factors of o(k).
5
Let l be 2/(-3) + (-33)/(-9). Suppose -b = l*b. What are the prime factors of (-18)/(-2) + (b - 2)?
7
Let y(g) = 8*g + 8. Let s(i) = 16*i + 17. Let k(f) = -3*s(f) + 7*y(f). Let q be k(8). Suppose -5*u = -q + 9. What are the prime factors of u?
2, 3
Suppose 2*s = 105 + 107. What are the prime factors of s?
2, 53
Suppose 289 = 5*q + s, q + 0*q - 61 = 3*s. What are the prime factors of q?
2, 29
Suppose 0 = 3*s - 6*s + 6. Suppose -s*r = -10 - 6. List the prime factors of r.
2
What are the prime factors of 3*(-4)/12*(-139 - 2)?
3, 47
Suppose -5*t + 29 = -6. What are the prime factors of t?
7
Let v be ((-18)/(-5) + -2)*30. Suppose j - v = -j. What are the prime factors of j?
2, 3
Suppose 5 + 1 = 3*c. Let g be (-1 - (-10)/4)*c. Suppose 9 + g = 4*l. List the prime factors of l.
3
Let r = 9 - 2. List the prime factors of r.
7
Let z be -4 - (0 + (-429)/3). Suppose 5*p + 3*k - 251 = 0, z = 3*p - 7*k + 3*k. List the prime factors of p.
7
Suppose 1 = -2*h - 1. What are the prime factors of h + 8 - (-1)/(-1)?
2, 3
Suppose 2*o + 2*o = 2*g - 4, -4*g = 2*o + 2. Suppose -80 = -g*k - 4*k. List the prime factors of k.
2, 5
Suppose 5*j = 3*j + 4. Let h = 1 + j. Suppose -n + 6 = k, 1 = h*n - 2*k - 2. List the prime factors of n.
3
Let z(f) = f**3 - 16*f**2 + 9*f + 21. List the prime factors of z(16).
3, 5, 11
Suppose -2*z - 3 = 3*s + z, -5*z = 4*s + 1. Let t(b) = 3*b**3 - b**2 + 2*b - 2. Let a be t(1). Let l = a - s. List the prime factors of l.
2, 3
List the prime factors of (-41)/(-2) - 2/(-4).
3, 7
Let l(p) = p**2 + 4*p - 8. Let b be l(-6). Let y(c) = -5*c - 3. Let u be y(-7). Suppose 0*r = 4*a + b*r - 8, a - 5*r = u. List the prime factors of a.
7
Let k(g) = -5*g - 1. Suppose d - 5*u + 20 = 0, -3*d - u - 1 = 11. Let j be k(d). Suppose 0 = o - 5*o + j. What are the prime factors of o?
2, 3
Let h(g) = -g**3 + g + 38. What are the prime factors of h(0)?
2, 19
Suppose -3*k = -3*h + 459, h - 3*k - 198 + 49 = 0. List the prime factors of h.
5, 31
Let s = 14 + 1. List the prime factors of s.
3, 5
Let x = -17 - -21. Suppose 21 = i + 5*j - 2*j, 0 = x*i - 4*j - 36. What are the prime factors of i?
2, 3
Suppose 3*v = 7*v + 8. Let u = 18 + v. List the prime factors of u.
2
Let w(n) = n**3 + n + 15. Let g(u) = -u**3 + 2*u**2 - u. Let v be 1/(-1)*(3 - 4). Let f be g(v). List the prime factors of w(f).
3, 5
Suppose 4*k + k + 20 = 0. Let t be (-30)/k*8/(-6). Let u = t - -20. List the prime factors of u.
2, 5
Let n be (-2 + 1)/((-4)/176). Suppose -n = -3*t - h, -t = 5*h + 3 + 1. What are the prime factors of t?
2
Suppose 2*f + 5*m - 30 = 0, -f + 5*m + 5 = 4*f. Suppose f*c = -2*h - 4, 3*h - 9 = -0*h. What are the prime factors of (c - 0)*(-1 + -1)?
2
Let u(k) = -3 + 5*k - 1 + 0. Let r be u(-3). List the prime factors of (-3)/(-6) - r/2.
2, 5
Let r be ((-16)/(-4) - 7) + 7. List the prime factors of r/(-2) - (-506)/11.
2, 11
Let m(g) = 22*g + 1. What are the prime factors of m(6)?
7, 19
Suppose 2*s = 4*q + 790, -2*s = 2*s + 5*q - 1554. List the prime factors of s.
17, 23
Suppose 0 = -0*f - 5*f. Suppose c = -f + 9. What are the prime factors of c?
3
Suppose -6 + 2 = -a. Suppose a*x + 12 = 2*x. What are the prime factors of (x/(-8))/1*4?
3
Let g = 1 - 1. Let i(q) = -q**3 + q + 13. List the prime factors of i(g).
13
Let u be 2 + 4/(-1) + 0. What are the prime factors of u - (0 + (1 - 35))?
2
Suppose 0 = q - 99 - 20. List the prime factors of q.
7, 17
Suppose 0 = 9*a - 4*a - 155. What are the prime factors of a + (0/1)/(-1)?
31
Let d(l) = 4*l + 81*l**2 - 3 - 161*l**2 + 0*l + 81*l**2. Suppose 33 - 8 = -5*i. What are the prime factors of d(i)?
2
Let o(w) = 8*w**3 + 3*w**2 + 2*w - 1. Let u(n) = 40*n**3 + 16*n**2 + 10*n - 6. Suppose 3 = p + 14. Let c(y) = p*o(y) + 2*u(y). List the prime factors of c(-1).
2
Suppose 4*z = -d - 8, -4*d + 0*z + 52 = -5*z. Suppose 0 = -0*y + 4*y + d. What are the prime factors of (y + 1)/((-1)/12)?
2, 3
Let s be (-2)/(-1) + 1 + -3. Let z be 6 + 4/(1*-2). Suppose 0*k + k - z = s. What are the prime factors of k?
2
Let x(t) = -t**3 + 8*t**2 + 9*t + 2. Let k be x(8). Suppose 0 = 3*c + w - k, 4*c + 2*w - 31 = 71. List the prime factors of c.
23
Let u = -10 - -13. Suppose -u*w = -2*r - 13, -19 - 21 = -4*w - 3*r. What are the prime factors of w?
7
Suppose 0 = -2*l - 4 + 12. Suppose -29 = -l*p - 9. What are the prime factors of 1/p + 24/5?
5
Let j(s) = s**2 + 2*s + 2. Let l be j(-2). Suppose -w = -5*y - 8 + 86, -l*y + w + 33 = 0. What are the prime factors of y?
3, 5
Suppose -5 = 3*v + 5*c, v + 2*c + 5 = -3*c. Suppose v = -0*i - i + 11. List the prime factors of i.
11
Suppose 8*w - 3*w = 10. Suppose 0 = -w*s + 5*x - 33, x + 3 = 4. Let l = s - -20. List the prime factors of l.
2, 3
Suppose 113 = -2*x - 3*i, 5*i = -4*x + 3*i - 206. Suppose 0 = -3*j + 277 - 70. Let y = j + x. What are the prime factors of y?
2, 5
What are the prime factors of (-1 - 1) + (78 - 0)?
2, 19
Let r(i) be the third derivative of -i**6/120 + i**5/15 + i**4/4 - 5*i**3/6 + 8*i**2. What are the prime factors of r(3)?
2, 11
Suppose -8 = -n - 0. What are the prime factors of n?
2
Suppose -6*x + 281 = 35. What are the prime factors of x?
41
Let k = 4 - 6. Let z = -2 - k. Suppose -9 = 2*o + 3*l - z, -l - 5 = 0. What are the prime factors of o?
3
Let w(z) = 202*z**2 - 2*z - 1. What are the prime factors of w(-1)?
7, 29
Let c(n) = -16*n + 1. Let d be c(-2). Let k be 1 + -3*(-4 + 3). Suppose 3*o - 3*j = -k*j + d, 3*o - 42 = -4*j. List the prime factors of o.
2, 5
Let d(j) = j**3 + 6*j**2 - 10*j - 2. Let w be d(-7). Let u = w + -4. What are the prime factors of u?
3, 5
Let x(l) = 7*l**2 + 2*l. Let j = 3 - 1. Let h be x(j). What are the prime factors of (-5)/2*h/(-20)?
2
Let p(w) = -w - 2. Let c be p(-3). Suppose 2 + c = j. What are the prime factors of j?
3
Suppose 397 - 109 = 4*s. What are the prime factors of s?
2, 3
Let q(f) = f + 1. Let i be q(-1). Let o(h) = 3 + h**2 + 5*h + i + 5. List the prime factors of o(-6).
2, 7
Let f(w) = -19*w + 7. Let m(b) = -20*b + 8. Let x(k) = -7*f(k) + 6*m(k). Let c be x(2). Let o = c + -15. List the prime factors of o.
2, 5
Let d(a) = -16*a. List the prime factors of d(-1).
2
Let z(h) be the second derivative of -19*h**5/20 + h**3/6 + 6*h. List the prime factors of z(-1).
2, 3
What are the prime factors of -2 - ((2 + -13 - 2) + 2)?
3
Suppose 7*w - 2*w = -2*h + 4, -4*w - 2*h + 2 = 0. Suppose -2*q - w*d - 18 = -6*d, -19 = -q - 5*d. List the prime factors of (0 - -12)/(q - -2).
2, 3
Let m = -6 + 3. Let b(d) = d**3 + 3*d**2 - 2*d - 4. Let y be b(m). Let v = 4 - y. What are the prime factors of v?
2
Let v(i) = -4*i - 10. What are the prime factors of v(-8)?
2, 11
Let m = -107 + 158. Let o = m - 13. Let g = o + -16. What are the prime factors of g?
2, 11
Suppose -25 = -s + 64. What are the prime factors of s?
89
Let l(o) = 5*o**2 - 10*o**2 + 1 - 5*o + 2 + 4*o**2. Let y be l(-5). Suppose y*g - 80 = -35. What are the prime factors of g?
3, 5
What are the prime factors of 20 - (-4)/16*0?
2, 5
Let v(f) be the second derivative of -f**4/12 + 7*f**3/6 + 3*f**2 + f. Let c be v(6). Suppose -5 = -l + c. List the prime factors of l.
17
Suppose -2*t + 67 = -1. List the prime factors of t.
2, 17
Suppose 3*z + 4*o - 227 = 0, 5*z - z - 4*o = 284. What are the prime factors of z?
73
Suppose 4*x + 108 = 6*x. What are the prime factors of x?
2, 3
Suppose -3*n + 0 - 12 = 4*b, 0 = -b + 2*n + 8. Let a = 5 + -1. Suppose b = a*j + 8, 3*v - 4*v - 3*j = -1. What are the prime factors of v?
7
Suppose -3*v = -p - p - 300, -3*p - 303 = -3*v. What are the prime factors of v?
2, 7
Suppose -3*v - 24 = -6*v. Suppose -n + v = -4. Supp